 64 and b.
16
Suppose n = 4*v + 156, -4*n = -32*v + 34*v - 624. Calculate the highest common divisor of n and 2041.
13
Let m be (-9 + 0)/((-30)/350). Calculate the highest common divisor of m and 140.
35
Let x = -1913 + 2713. Suppose -x*v = -803*v + 54. Let p be 2*1 + (1 - -3). What is the highest common divisor of p and v?
6
Suppose -6 = -j - m - 3, 2*j = -4*m + 6. Suppose -2*v - 1187 - 1551 = -j*n, -2722 = -3*n - 2*v. What is the greatest common factor of n and 65?
65
Let b(k) = 17*k + 4. Let r be b(1). Suppose -111 = -4*x + r. Suppose 13*s - 825 = 8*s. What is the greatest common divisor of x and s?
33
Suppose 0*k = 4*s + 2*k - 98, -k - 107 = -4*s. Suppose f - 117 = 2*f. Let x = 182 + f. What is the greatest common factor of x and s?
13
Let i = -6368 + 12058. Calculate the greatest common factor of 30 and i.
10
Suppose 26*n - 25200 = 17*n - 27*n. What is the highest common divisor of 756 and n?
28
Let z(h) = 3*h**2 - 2*h - 6. Let m be z(-9). Let s(k) = -417*k + 2562. Let w be s(6). Calculate the highest common divisor of m and w.
15
Let p(x) = 35*x**2 - x. Let q be p(2). Suppose -7*h + 8*h = -s + 486, 0 = s - 2*h - 477. What is the highest common divisor of s and q?
69
Let l(w) = -w**3 + 31*w**2 - 57*w - 23. Let z be l(29). Suppose 8*b - 208 = z*b. Calculate the highest common factor of 143 and b.
13
Let z be ((-2486)/(-209) - 5) + (-6)/(-57). Calculate the highest common divisor of 301 and z.
7
Let c = -3636 + 4021. What is the highest common divisor of 280 and c?
35
Let o(n) = -163*n + 10. Let i be o(-8). Suppose 21*w = 3*w + i. Suppose d + 24 = w. What is the highest common divisor of d and 539?
49
Suppose -13*u = -7*u + 336. Let s = -52 - u. Suppose 82 = s*v - 58. Calculate the greatest common factor of 7 and v.
7
Let f = 10166 - 10019. Suppose j = 3*j - 392. What is the greatest common divisor of f and j?
49
Let p(d) be the second derivative of 31*d**5/10 - d**4/12 + d**3/2 - 2*d**2 - 8*d - 3. Let b be p(1). Calculate the highest common factor of 18 and b.
6
Suppose 2856 = 4*g + 3*g. Let w be g/28 - (-24)/56. Calculate the highest common divisor of 20 and w.
5
Suppose -4*q + 20 = 5*v - 155, -10 = 5*q - 7*q. Suppose -4 - 1 = -3*l - s, 5*l = -3*s + 11. What is the highest common factor of l and v?
1
Let c be (6/(-10) + (-26)/(-10))*50. Suppose o + 2*o - 4*v = 256, -244 = -3*o + v. Calculate the highest common factor of o and c.
20
Let m = 3410 - 3370. Calculate the highest common factor of 370 and m.
10
Suppose 0 = u - 6*u, 3*o - 6 = u. Suppose 0 = 2*s - 43 - 89. Let y = s + -57. What is the highest common factor of y and o?
1
Let o(v) = 83*v**2 - 2. Let s be o(-1). Let y be s/15*35/3. Calculate the highest common factor of 56 and y.
7
Suppose -95*j + 29*j + 272 = -916. What is the highest common factor of j and 17568?
18
Let n(s) = 5*s - 100. Let j(t) = 2*t**2 - 13*t + 18. Let u be j(7). Let r be n(u). Calculate the highest common factor of r and 800.
25
Suppose 4*f - 4*y - 928 = 0, -2400*f - 2*y = -2398*f - 460. What is the greatest common factor of f and 273?
21
Let d = 17916 - 17816. Calculate the greatest common factor of d and 1600.
100
Let l be 2/(-1) - (7 + 7 + -31). Let h(m) = 8*m + 3 - 111*m - 1 + 0. Let s be h(-1). Calculate the greatest common divisor of l and s.
15
Let o = -173 - -846. Let u = o - 1029. Let s = 518 + u. Calculate the highest common factor of s and 6.
6
Suppose -3*f - 284 = -5*q - 7*f, 0 = 4*q + f - 236. Let b be (718/3 - 0)/(20/q). Let s be b/12 + 5/30. Calculate the highest common divisor of 12 and s.
12
Suppose 0 = -2*k + 7*c + 1, 5*k + c - 30 + 9 = 0. What is the highest common factor of 151 and k?
1
Let g = -1348 + 1772. Calculate the greatest common divisor of 689 and g.
53
Let g be 591/(-39) + -3 + 6/39. Let l be (-60)/(-4)*(g/(-5) + -3). Let b be (l + -10)*(0/3 - 36). What is the highest common factor of b and 4?
4
Suppose 3*m - 107 = -m + j, 3*j = -5*m + 121. Suppose 0 = 5*u - 6*u - m. Let d = u + 56. Calculate the greatest common factor of d and 75.
15
Suppose 4*v = 1 + 7. Suppose 11*p = 165 - 110. Let u be v/p - 301/(-35). Calculate the highest common factor of 27 and u.
9
Let n be -126 + (4 - (-4 + 9)). Let g = n - -312. What is the greatest common factor of 111 and g?
37
Let g be (-6 - (-99)/18) + 1/2. Let r(y) = 68 + y + y**2 - 36 + 68. Let k be r(g). What is the highest common factor of k and 20?
20
Suppose -191*j = -199*j - 2744. Let t = 371 + j. Let n be 2/5 + 18/5. What is the greatest common divisor of n and t?
4
Let m = 44 - 47. Let q be 9/(-24)*4/m*144. Let j be ((-3)/(-1))/(2/q). Calculate the highest common factor of j and 24.
12
Let u(d) = d**3 - 6*d**2 + 4*d + 12. Let p be u(-7). Let g = 787 + p. What is the highest common factor of g and 335?
67
Suppose 4*q = 5*q - 4*q. Suppose q = -11*k - 146 + 509. What is the greatest common divisor of 11 and k?
11
Let w(s) = -s**2 - 12*s + 21. Let d(j) = -8*j + 84. Let b be d(12). Let f be w(b). Let p be (8 - 0) + -2 + 1. What is the greatest common factor of f and p?
7
Let w(a) = -a**3 + 18*a**2 - 32*a + 3. Let u be w(16). Let l = -45 - -66. What is the highest common divisor of l and u?
3
Suppose -4*j - v - 2*v = -67, v = -5*j + 92. Let g(y) = y**2 - 11*y - 71. Let r be g(j). Calculate the greatest common divisor of 9 and r.
9
Suppose 3*o - 3809 = -5*o + 351. What is the highest common factor of 60 and o?
20
Let p = 218 - 267. Let r = 114 + p. Let h(k) = k**2 + 7*k + 8. Let d be h(-9). Calculate the highest common factor of d and r.
13
Let t(l) = 8 - l**2 + 33*l - 125*l + 35*l + 45*l. Let g be t(-8). Calculate the highest common divisor of 100 and g.
20
Let l(n) = -6 - 5 + 2*n - 6*n - n**2 + 18. Let m be l(-6). Let a be (33/m)/((-5)/75). Calculate the greatest common factor of 9 and a.
9
Suppose -12*v = -3963 - 1773. Let c = -315 + v. Let i = c + -101. Calculate the highest common divisor of i and 31.
31
Let d = 20 + -8. Let o be (-16)/12*(-3)/(-2). Let s be (-18)/(o/(-14)*(-42)/36). What is the greatest common divisor of d and s?
12
Let l be (-132)/(-20) + (-6)/10 + (0 - -5). Let z be 0*((-2)/1 + 3). Let j be (-1 - z)/(3/(-165)). What is the greatest common factor of j and l?
11
Let i(j) = -4*j + 80. Let z be i(-15). Calculate the greatest common factor of 5880 and z.
140
Let o be (18/3)/(0 + 3/(-58)). Let u = o - -125. Suppose -u*x = -5*x - 336. What is the highest common divisor of 12 and x?
12
Let h be (78 - -232 - 61) + -1 + 22. Let p(r) = 10*r**2. Let w be p(1). What is the highest common factor of h and w?
10
Suppose 7*d - 2*f - 2794 = 3*d, -2*f + 2078 = 3*d. What is the greatest common divisor of d and 24?
24
Suppose 49 = 2*g + 61, -5*j + 882 = 3*g. Suppose 5*b - 74 = 106. Calculate the highest common factor of b and j.
36
Let a = 932 - 767. Suppose 3*h - k - 96 = 455, -5*k - a = -h. Calculate the greatest common factor of h and 5.
5
Let r = 177 - 156. Suppose 16*t - 13*t = r. Suppose 0*i = i - 1. Calculate the highest common factor of t and i.
1
Let r be 98/4 + 14/28. Let z = r + -23. Let b = 234 - 231. Calculate the highest common factor of z and b.
1
Let v = 21335 - 21279. Calculate the highest common factor of v and 49448.
56
Suppose 10*w = 3*q - 86 - 84, 0 = -2*q - 5*w + 20. What is the greatest common divisor of q and 1130?
10
Let p be 10/6*((-198)/11)/(-6). Let a be (-285)/(-5) - (p - 6). What is the greatest common divisor of 203 and a?
29
Suppose -j = 4*v - 14, 2*j = 5*j - 2*v. Suppose -10*n - j*n + 3132 = 0. What is the highest common factor of n and 29?
29
Let h be 1/(-2)*(-5)/(10/(-264)). Let w be (-1540)/h*3*1. Calculate the greatest common factor of w and 14.
14
Suppose -4*m = -11*s + 12*s - 14, -14 = -m + 5*s. Let p be ((-124)/(-20) + 1 - m)*20. Calculate the highest common divisor of 2 and p.
2
Let b be 5 + 20 + -9 + -15. Suppose 2*p = -2*g - g + 11, -5*p - g + 8 = 0. Calculate the highest common divisor of b and p.
1
Suppose -2*k - 35 = -137. Let z = -48 + k. Suppose z*c - 192 = o - 4*o, 2*o = 10. Calculate the highest common divisor of 59 and c.
59
Suppose -4*u + 21 = 2*b - 7, -4*b = 4*u - 64. Let k(z) = 18*z**2 + 4*z + 2. Let f be k(4). Calculate the highest common factor of b and f.
18
Let s = -246 - -228. Let f be -67*(s + 5 + (-12)/4). Calculate the highest common factor of f and 16.
16
Let p be (-3)/(((-12)/(